{"id":30,"date":"2018-05-22T20:29:30","date_gmt":"2018-05-22T20:29:30","guid":{"rendered":"http:\/\/macaf.cl\/?page_id=30"},"modified":"2018-05-22T21:09:19","modified_gmt":"2018-05-22T21:09:19","slug":"servicios","status":"publish","type":"page","link":"https:\/\/macaf.cl\/index.php\/servicios\/","title":{"rendered":"Servicios"},"content":{"rendered":"<p>&#8211; Coaching Estrat\u00e9gico para Directivos.<br \/>\n&#8211; Desarrollo de habilidades para Liderazgo Transformador.<br \/>\n&#8211; Trabajo en equipo.<br \/>\n&#8211; Desarrollo de Talentos.<br \/>\n&#8211; Programas para Equipos de  Alto desempe\u00f1o.<br \/>\n&#8211; Planes de Acci\u00f3n Clima laboral sobre indicadores.<br \/>\n&#8211; Desarrollo de Competencias para Comunicaci\u00f3n efectiva<\/p>\n","protected":false},"excerpt":{"rendered":"<p>&#8211; Coaching Estrat\u00e9gico para Directivos. &#8211; Desarrollo de habilidades para Liderazgo Transformador. &#8211; Trabajo en equipo. &#8211; Desarrollo de Talentos. &#8211; Programas para Equipos de Alto desempe\u00f1o. &#8211; Planes de Acci\u00f3n Clima laboral sobre indicadores. &#8211; Desarrollo de Competencias para Comunicaci\u00f3n efectiva<\/p>\n","protected":false},"author":1,"featured_media":0,"parent":0,"menu_order":0,"comment_status":"closed","ping_status":"closed","template":"","meta":{"footnotes":""},"class_list":["post-30","page","type-page","status-publish","hentry"],"_links":{"self":[{"href":"https:\/\/macaf.cl\/index.php\/wp-json\/wp\/v2\/pages\/30","targetHints":{"allow":["GET"]}}],"collection":[{"href":"https:\/\/macaf.cl\/index.php\/wp-json\/wp\/v2\/pages"}],"about":[{"href":"https:\/\/macaf.cl\/index.php\/wp-json\/wp\/v2\/types\/page"}],"author":[{"embeddable":true,"href":"https:\/\/macaf.cl\/index.php\/wp-json\/wp\/v2\/users\/1"}],"replies":[{"embeddable":true,"href":"https:\/\/macaf.cl\/index.php\/wp-json\/wp\/v2\/comments?post=30"}],"version-history":[{"count":2,"href":"https:\/\/macaf.cl\/index.php\/wp-json\/wp\/v2\/pages\/30\/revisions"}],"predecessor-version":[{"id":51,"href":"https:\/\/macaf.cl\/index.php\/wp-json\/wp\/v2\/pages\/30\/revisions\/51"}],"wp:attachment":[{"href":"https:\/\/macaf.cl\/index.php\/wp-json\/wp\/v2\/media?parent=30"}],"curies":[{"name":"wp","href":"https:\/\/api.w.org\/{rel}","templated":true}]}}